 u. Calculate x(v).
-2
Let m(k) = -1104 + 33*k - 1121 - 1121 + 3356 + 2*k**2. Give m(-18).
64
Let a(r) = -4*r**2 - r - 9. Let l(i) = 3*i**2 + i + 9. Let q = -171 - -167. Let p(v) = -v**2 + 2*v + 3. Let b be p(4). Let z(g) = b*l(g) + q*a(g). Give z(0).
-9
Let r be 0/((-30)/(-6))*3/(-9). Suppose 21*f = -r + 21. Let t(x) = -13*x + 1. What is t(f)?
-12
Let a = 31 + -31. Suppose -m - 3*m = a. Let d(y) = 0 + m*y - 1 + 3 + y. What is d(-6)?
-4
Let r(f) = -f**3 - 7*f**2 - 7*f - 2. Let q(w) = 5. Let x(c) = 5*c + 97. Let o(v) = 6*q(v) + 2*x(v). Let j be o(-23). Give r(j).
4
Let f(g) = 62*g - 312. Let x = -11757 - -11762. Calculate f(x).
-2
Let r(h) = h - 7. Let i(y) = y**2 + 6*y - 7. Suppose -5*g + 0*g - o + 271 = 0, 0 = -5*g - 5*o + 275. Let d = -62 + g. Let b be i(d). Calculate r(b).
2
Let z be (-4)/(-10)*10 + 0. Suppose 3*g = -2*g + 5, z*g - 16 = 2*v. Let i be (v + (-6)/(-2))/1. Let b(n) = 2*n**2 + 3*n - 2. Calculate b(i).
7
Let l(y) = 13*y**2 + 53*y + 33. Let g(u) = 4*u**2 + 17*u + 11. Let s(d) = -7*g(d) + 2*l(d). What is s(-8)?
-35
Let i = -4712 + 4714. Let o(u) be the second derivative of -2/3*u**3 + 0 + 1/2*u**i - 17*u. Give o(-3).
13
Let t(r) = -r**2 + 23*r + 56. Let l be (4 + -7 + 8)*5. Determine t(l).
6
Let z(s) = -2*s**3 + 3*s**2 + 44*s - 1. Suppose 141 = -67*f - 72 - 55. Give z(f).
-1
Let j(a) = -51 + a + 140 - 2*a + 12*a. Let t be j(-8). Let l(h) = -6*h**3 + h**2 - h. Calculate l(t).
-6
Let a(c) = -c**3 - 2*c + 1. Let t(w) = -4*w**2 - 20*w + 26. Let k be (-1)/(-3) + (-1 - 48/9). Let i be t(k). Determine a(i).
-11
Let n(z) = -22*z - 166. Let i be 4*(1 - -1)*-1. What is n(i)?
10
Let t(z) = 11*z**3 + 16*z**2 + 4*z + 7. Let l(c) = 2 + c + 1247*c**3 - 1245*c**3 + 0*c + 2*c**2. Let x(w) = 6*l(w) - t(w). Determine x(4).
13
Let s(i) = 6*i + 17. Let c(q) = 58*q + 162. Let h(z) = -c(z) + 4*s(z). What is h(-3)?
8
Let x(w) be the first derivative of -3*w**4/4 + 2*w**3/3 + w**2 - 18*w + 129. Let q(z) = z**3 - z + 6. Let b(s) = 7*q(s) + 2*x(s). Calculate b(-5).
-4
Suppose -28 = 3*r - 31. Let t(c) = -25*c**2 - 6 - r + 2*c + 24*c**2 - 9*c. Let p(m) = -8*m**2 + m. Let k be p(1). Calculate t(k).
-7
Suppose k = 135 - 104. Suppose 7*t = -24 + k. Let j(a) = 5*a + 4*a**2 + 13*a**2 - 4*a. Give j(t).
18
Let k(f) = -f + 11. Suppose -4*y - 8*g + 6*g = -186, 5*g + 41 = y. Suppose -18*c + y = 10. Suppose c*j - 55 = -5*m + 3*j, 2*j - 10 = -2*m. Determine k(m).
1
Let a = -717 - -709. Let n be -6 + (a/(-3))/((-46)/(-207)). Let p(l) = -2*l**2 + 10*l - 7. Give p(n).
-19
Let g(f) = 20*f - 116. Let o(p) = -22*p + 96. Let v(k) = -5*g(k) - 6*o(k). What is v(-3)?
-92
Let a = 679 - 675. Let r(m) = -7*m**2 - 24*m + 4*m**2 - 11 + 30*m + a*m**2 - 16*m. Determine r(12).
13
Let y(h) = 41*h + 78. Let a be (4 - (-20)/10)/(-3). What is y(a)?
-4
Suppose -5*h = -f + 25, -5*f + 322 = -4*h + 281. Let y(g) = -10*g + 6. Calculate y(f).
-44
Suppose 2*c = 2*o + 378, 460 + 495 = 5*c - 3*o. Let r = c + -192. Let f(i) = -6*i + 3. What is f(r)?
-9
Let h(x) = -x + 2. Let m = 9776 + -9804. Let f(q) = -5*q + 0*q - 24*q + 27*q**2 + q**3 - 24. Let w be f(m). What is h(w)?
-2
Let w(i) = i**2 + i + 1. Let q(h) = -2*h**2 - 2*h - 1. Let z(s) = -2*q(s) - 3*w(s). Let j(d) = -6*d**2 + 11*d + 26. Let o(y) = j(y) + 5*z(y). Give o(18).
-15
Suppose -60*s + 4440 = -36*s. Let n = 178 - s. Let k(g) = 4*g + 26. Give k(n).
-2
Suppose 0 = 2*i + 15 - 23. Let h = i + 26. Let b = -34 + h. Let w(l) = 2*l + 1. What is w(b)?
-7
Let f = -251 + 240. Let u be (4/6)/(f/(-198)) + -2. Let c(w) = w + 2. Calculate c(u).
12
Suppose 25*n + 169 = 19. Let p(k) = -k**3 - 6*k**2 - 3*k + 5. Let a(g) = g**3 + 6*g**2 + 2*g - 5. Let s(m) = 7*a(m) + 6*p(m). Calculate s(n).
19
Let z(a) = a**3 - 9*a**2 + 5. Let p be z(9). Let u(m) be the third derivative of -m**5/30 + 5*m**4/12 + m**3/3 - 178*m**2 + 3*m - 2. Determine u(p).
2
Let d(i) = -2*i**2 - 100*i - 1006. Let k be d(-14). Let a(c) = -c**2 - 8*c + 7. Determine a(k).
-13
Suppose 131 = 5*x + 6. Suppose -5*n + x = 5*o, -o = 2*o + 4*n - 13. Let b(l) be the first derivative of -l**4/4 + 8*l**3/3 - 3*l**2 - 277. Give b(o).
7
Let y = -49 - -49. Let t(k) = -3 + y - 38*k + 37*k. Determine t(-9).
6
Let t(j) be the second derivative of j**5/20 - 7*j**4/12 + j**3/3 - 9*j**2/2 + 151*j + 12. Calculate t(7).
5
Let a(b) = -14 - 1271*b - b**2 + 550*b + 714*b. Determine a(-5).
-4
Suppose 11 - 23 = 39*x + 27. Let v(n) = -9*n**2 + n - 1. Let z(i) = 10*i**2 - i + 2. Let c(f) = 3*v(f) + 2*z(f). What is c(x)?
-7
Let s(t) = 57*t - 502. Let x be s(9). Suppose -4*f - 5*n + 3 = 0, -2*n = 4*f - 0*n - 6. Let p(r) = 2*r - 8 - f - 3*r - r**2 + 13*r. Determine p(x).
1
Let m(a) be the third derivative of -17*a**4/24 + 26*a**3/3 + 3704*a**2. Give m(3).
1
Let n(f) = 4 + 1 + f - 20 - 3*f. Let m(j) = j + 14. Let k(c) = 3*m(c) + 2*n(c). What is k(7)?
5
Let h be (2 - 16/5)/(-9 + 1644/180). Let k(s) = s**2 + 14*s + 25. Determine k(h).
-20
Let w(m) = -2*m**3 - 3*m**2 + 2*m - 1. Suppose 2*k = 5*n + 1, 2*k = -8*n + 4*n - 8. Calculate w(k).
-1
Let i = 2373 + -2374. Let o(a) = 3*a**2 - 20*a - 17. Give o(i).
6
Let w be (21/12)/((-11)/44). Let q(o) = 5*o + 45. Give q(w).
10
Let n(x) = -x**2 + 36*x - 235. Let h(p) = 72*p**2 - 132*p + 3. Let i be h(2). Determine n(i).
8
Let i(f) be the first derivative of -f**4/4 + 17*f**3/3 - 6*f**2 - 54*f - 3741. Give i(16).
10
Suppose 0 = 2*s - 7*i + 10*i - 25, 3*s - 37 = -4*i. Suppose -2*t + 4*l - s + 15 = 0, -24 = 2*t + 3*l. Let w(v) = -v**3 - 6*v**2 + 3*v + 3. What is w(t)?
-15
Let p(o) = -2. Let c(q) = q**2 + 12*q - 10. Suppose 5*i - 3*z + 0*z - 4 = 0, 13 = -4*i - 3*z. Let s(a) = i*c(a) - 2*p(a). Give s(-12).
14
Suppose 5*y + 2*j + 29 = 2, -4 = y - j. Let i(n) = n**2 + 2*n - 6. Determine i(y).
9
Let a(k) be the first derivative of k**4/4 - k**2/2 - 17*k + 1. Let u(r) = -608*r**2 - r + 3*r + 609*r**2. Let n be u(0). Calculate a(n).
-17
Suppose 5*z - f - 182 = 0, -200 = -5*z - 3*f - 6. Let i = z + -33. Suppose 4*k - 37 + i = 3*o, -4*k + 5 = o. Let m(h) = -h**2 - 6*h + 6. Determine m(o).
-1
Let z(a) be the third derivative of -1/3*a**4 + 168*a**2 + 2/3*a**3 + 0*a + 0 + 1/60*a**5. Give z(6).
-8
Let m(d) be the first derivative of -d**6/120 - d**5/10 - d**4/8 + d**3/2 + d**2 - 9*d + 12. Let r(f) be the second derivative of m(f). Give r(-6).
21
Let j = -717 - -732. Let g(x) = x**3 - 16*x**2 + 17*x - 37. Determine g(j).
-7
Let g = -44827 - -44827. Let o(y) be the third derivative of y**6/120 - y**5/60 - y**4/12 + 2*y**3/3 + 4*y**2. Calculate o(g).
4
Let n(t) = -t**2 - 21*t - 97. Let a be n(-9). Let y(d) = -14*d**2 - 20*d - 87. Let c(j) = 5*j**2 + 6*j + 29. Let u(h) = a*c(h) + 4*y(h). Determine u(-11).
4
Let u(p) = p**3 + 8*p**2 - 6*p - 8. Let q(y) = -10*y - 255. Let h(m) = 21*m + 507. Let j(z) = 4*h(z) + 7*q(z). Let a be j(-18). What is u(a)?
-35
Let r(z) = -8*z**2 - 28 - 25 - 6*z + 54 + 3*z + 2*z**3 + 4*z. Give r(4).
5
Let h(q) = 11*q**2 + 1. Suppose 4*t - 4*l - 31 = 37, 51 = 3*t + 4*l. Suppose t = 18*c - c. Give h(c).
12
Let v(f) = f**3 - 10*f**2 + 3*f - 7. Let z be v(10). Let y be 22/10 - z/115. Let t(o) = -o. Determine t(y).
-2
Let z(n) = 2*n**2 + 16*n + 31. Suppose 530*h + 5*i = 525*h + 15, -5*h = i + 5. Determine z(h).
7
Let b(u) = -u**2 + 27*u + 50. Suppose 492*h + 19 + 358 = 505*h. Determine b(h).
-8
Let h(o) = 14*o**3 + 26*o**2 + 8*o - 6. Let d(f) = 5*f**3 + 9*f**2 + 3*f - 2. Let y(j) = 17*d(j) - 6*h(j). Suppose 0 = 1026*i + 169 - 1054 - 2193. What is y(i)?
11
Let w(q) = -2*q**3 - 9*q**2 + 3*q - 1. Let c(s) = -s**3 - 4*s**2 + 4*s - 1. Let z(f) = -3*c(f) + 2*w(f). Calculate z(-3).
-8
Suppose 15*x - 16*x = -3*v + 70, -2*v + 3*x + 56 = 0. Let u(y) = 6*y - 130. Calculate u(v).
2
Let l(i) = 8*i**2 - 20*i - 69. Let t(g) = -5*g**2 + 9*g + 31. Let k(a) = 3*l(a) + 5*t(a). Give k(-10).
-2
Let h(q) = q - 7. Let o be h(5). Let g(b) = 86*b**2 + 3 - 87*b**2 + 2329*b - b**3 - 2327*b. What is g(o)?
3
Let w(b) be the second derivative of -5*b**3/2 + 30*b**2 - b - 665. Give w(4).
0
Let o(l) = l**3 + 10*l**2 - 6*l - 7. Let i(n) = -2*n**3 - 19*n**2 + 11*n + 14. Let m(a) = 4*i(a) + 7*o(a). Let q be 4/(-16) - (-391)/(-68). Calculate m(q).
-5
Suppose -5*n + 2*j = -20, 15*j = 2*n + 14*j - 8. Let u(d) = -6*d**2 + 13*d + 9. Let o(s) = -s**2 + s + 1. Let p(y) = -5*o(y) + u(y). Determine p(n).
20
Let j(c) = -c**3 - 3*c**